of 143 and 242957.
143
Calculate the greatest common factor of 3654 and 53186.
406
Calculate the greatest common divisor of 134380 and 5.
5
Calculate the greatest common factor of 12 and 477150.
6
What is the greatest common divisor of 37836 and 216?
36
Calculate the highest common divisor of 79350 and 850.
50
What is the greatest common factor of 108 and 7587?
27
Calculate the greatest common divisor of 628 and 308.
4
Calculate the greatest common divisor of 852 and 66.
6
Calculate the greatest common divisor of 48 and 147968.
16
What is the highest common divisor of 10999 and 459?
17
What is the greatest common divisor of 780 and 244452?
156
What is the greatest common factor of 39507 and 312?
39
What is the greatest common factor of 207 and 1017?
9
Calculate the greatest common divisor of 198 and 22242.
66
Calculate the greatest common divisor of 11759 and 11.
11
Calculate the highest common factor of 649 and 676376.
59
What is the highest common factor of 9420 and 960?
60
What is the greatest common divisor of 45 and 1458?
9
Calculate the highest common divisor of 1116 and 18693.
279
What is the highest common divisor of 820 and 43255?
205
What is the highest common factor of 8299 and 473?
43
What is the greatest common divisor of 22 and 1631267?
11
What is the greatest common factor of 36 and 105852?
12
What is the greatest common divisor of 990 and 236555?
55
What is the greatest common factor of 223102 and 22?
22
What is the highest common factor of 4338 and 846?
18
What is the highest common divisor of 676284 and 166?
166
Calculate the greatest common divisor of 222 and 147038.
74
What is the greatest common factor of 532 and 31312?
76
Calculate the highest common factor of 10848 and 636981.
339
Calculate the greatest common divisor of 4011 and 5921.
191
Calculate the highest common divisor of 126269 and 143.
143
What is the greatest common divisor of 20421 and 621?
9
Calculate the greatest common divisor of 1130048 and 128.
64
What is the highest common divisor of 344090 and 190?
190
Calculate the greatest common factor of 288256 and 5632.
512
What is the highest common divisor of 34 and 1293598?
34
Calculate the highest common divisor of 96912 and 264.
24
What is the highest common divisor of 2115 and 285?
15
What is the highest common factor of 1776 and 56720?
16
What is the greatest common factor of 477412 and 39?
13
What is the greatest common factor of 274 and 1465489?
137
What is the greatest common factor of 198 and 28094?
22
Calculate the highest common factor of 4410 and 294.
294
What is the greatest common divisor of 1475 and 256355?
295
Calculate the greatest common factor of 3883 and 1837.
11
Calculate the highest common divisor of 2380 and 700.
140
Calculate the highest common factor of 9504 and 660.
132
Calculate the highest common divisor of 51037 and 14.
7
What is the greatest common factor of 836 and 107382?
22
Calculate the greatest common factor of 2862 and 6625.
53
Calculate the greatest common divisor of 3465 and 497.
7
Calculate the greatest common divisor of 2556 and 408676.
284
What is the greatest common divisor of 720 and 2940?
60
What is the greatest common divisor of 155451 and 3?
3
What is the highest common divisor of 195 and 180060?
15
Calculate the highest common factor of 1073 and 13579.
37
Calculate the greatest common factor of 6540 and 836.
4
Calculate the greatest common divisor of 45144 and 1089.
99
What is the greatest common divisor of 128979 and 8992?
281
What is the highest common factor of 216 and 21516?
12
What is the highest common factor of 13932 and 2292?
12
What is the highest common divisor of 6332 and 18?
2
What is the highest common factor of 4 and 16084?
4
Calculate the greatest common divisor of 35 and 472815.
35
What is the highest common factor of 95 and 148865?
95
What is the greatest common factor of 2055 and 208240?
685
Calculate the greatest common factor of 11209 and 121.
11
What is the highest common divisor of 39 and 69057?
3
Calculate the highest common divisor of 20 and 7739320.
20
Calculate the highest common divisor of 14913 and 15.
3
What is the highest common factor of 15757879 and 367?
367
Calculate the highest common factor of 5632 and 6656.
512
What is the highest common factor of 50 and 451250?
50
Calculate the highest common divisor of 684 and 228.
228
What is the highest common factor of 3267 and 418539?
363
What is the highest common factor of 1312 and 14596?
164
What is the highest common divisor of 7787 and 13777?
599
What is the greatest common divisor of 2108 and 7564?
124
Calculate the greatest common factor of 42777 and 309915.
873
What is the highest common factor of 15600 and 59475?
975
What is the highest common factor of 6650 and 190575?
175
Calculate the highest common factor of 784 and 4424.
56
Calculate the highest common divisor of 338829 and 57.
3
What is the highest common factor of 1434 and 1037260?
478
What is the greatest common factor of 39263 and 18886?
497
Calculate the greatest common divisor of 828 and 96.
12
What is the greatest common factor of 85766 and 8854?
38
What is the highest common divisor of 2440 and 21800?
40
What is the highest common factor of 83 and 147076?
83
What is the greatest common factor of 163900 and 352?
44
Calculate the greatest common divisor of 400 and 62864.
16
Calculate the highest common factor of 1447948 and 1364.
124
What is the greatest common factor of 1920050 and 550?
550
Calculate the highest common factor of 1079818 and 236.
118
What is the highest common divisor of 701776 and 552?
184
What is the highest common divisor of 4260072 and 278?
278
Calculate the greatest common divisor of 24 and 199707.
3
Calculate the greatest common factor of 660 and 14920.
20
What is the greatest common divisor of 440 and 3440?
40
Calculate the highest common factor of 170 and 5200.
10
What is the greatest common factor of 220134 and 741?
57
What is the highest common divisor of 3477 and 10248?
183
Calculate the greatest common factor of 69120 and 6840.
360
Calculate the greatest common divisor of 1984 and 19648.
64
What is the greatest common factor of 976 and 69662?
122
Calculate the highest common factor of 41152 and 128.
64
Calculate the greatest common factor of 131347 and 67146.
589
Calculate the highest common factor of 3700 and 260.
20
What is the greatest common factor of 2265 and 45135?
15
Calculate the greatest common factor of 13 and 253279.
13
What is the highest common factor of 19128 and 48?
24
What is the highest common divisor of 6842 and 1408?
22
Calculate the greatest common factor of 580 and 1275652.
116
Calculate the highest common factor of 2793 and 504.
21
Calculate the highest common factor of 39210 and 35.
5
What is the highest common divisor of 181974 and 234?
78
What is the greatest common divisor of 10721 and 71?
71
What is the highest common factor of 4404 and 24372?
12
Calculate the greatest common factor of 23 and 305141.
23
Calculate the highest common factor of 19 and 715578.
19
What is the highest common factor of 7748 and 45296?
596
Calculate the greatest common factor of 145164 and 18.
6
Calculate the greatest common divisor of 148 and 79994.
74
Calculate the greatest common factor of 185 and 358493.
37
Calculate the greatest common divisor of 238 and 1092742.
14
Calculate the greatest common divisor of 6398 and 812.
14
Calculate the highest common factor of 77395 and 215.
5
What is the greatest common factor of 1827 and 3141222?
609
What is the highest common factor of 2204 and 684?
76
What is the greatest common factor of 678889 and 114?
19
What is the highest common divisor of 3424 and 4192?
32
Calculate the greatest common factor of 19 and 7030.
19
What is the greatest common factor of 21681 and 7722?
297
What is the greatest common divisor of 8475144 and 181?
181
What is the highest common divisor of 18557 and 6237?
77
What is the highest common divisor of 14972 and 608?
76
What is the highest common factor of 825 and 5577?
33
What is the greatest common divisor of 21 and 162057?
21
Calculate the greatest common divisor of 525 and 1025.
25
What is the greatest common divisor of 3060 and 252144?
612
What is the greatest common factor of 145136 and 9024?
752
Calculate the grea